{"id":66,"name":"remont-dwoch-sal-wykladowych-celem-adaptacji-na-sale-do-cwiczen-dla-wydzialu-podologii-i-wydzialu-masazu","title":"Remont dw\u00f3ch sal wyk\u0142adowych celem adaptacji na sal\u0119 do \u0107wicze\u0144 dla Wydzia\u0142u Podologii i Wydzia\u0142u Masa\u017cu","desc":"","header":"Remont dw\u00f3ch sal wyk\u0142adowych celem adaptacji na sal\u0119 do \u0107wicze\u0144 dla Wydzia\u0142u Podologii i Wydzia\u0142u Masa\u017cu","lead":"","keywords":"","changes":"Wprowadzenie og\u0142oszenia","menu":"","path":"\/zamowienia-publiczne\/zamowienia-objete-stosowaniem-ustawy-pzp\/remont-dwoch-sal-wykladowych-celem-adaptacji-na-sale-do-cwiczen-dla-wydzialu-podologii-i-wydzialu-masazu.html","url":"\/zamowienia-publiczne\/zamowienia-objete-stosowaniem-ustawy-pzp\/remont-dwoch-sal-wykladowych-celem-adaptacji-na-sale-do-cwiczen-dla-wydzialu-podologii-i-wydzialu-masazu.html","infoOwner":"Centrum Kszta\u0142cenia Zawodowego i Ustawicznego Wojew\u00f3dztwa \u015al\u0105skiego w Zabrzu","dateFirstPublicate":"2025-06-06 14:34:54","dateLastVersionPublicate":"2025-06-06 14:34:54","dateAvailableFrom":"","dateAvailableTo":"","type":"jednostki_Zam\u00f3wienia obj\u0119te stosowaniem ustawy Pzp (od 2021)","pageParams":[{"id":"312","name":"jednostki_tytu\u0142 zam\u00f3wienia","description":"Tytu\u0142 zam\u00f3wienia","value":"Remont dw\u00f3ch sal wyk\u0142adowych celem adaptacji na sal\u0119 do \u0107wicze\u0144 dla Wydzia\u0142u Podologii i Wydzia\u0142u Masa\u017cu"},{"id":"313","name":"jednostki_data og\u0142oszenia zam\u00f3wienia","description":"Data og\u0142oszenia","value":"2025-06-06"},{"id":"314","name":"jednostki_status zam\u00f3wienia","description":"Status zam\u00f3wienia","value":"58754"},{"id":"316","name":"jednostki_termin sk\u0142adania ofert (data i godzina)","description":"Termin sk\u0142adania ofert (data i godzina)","value":"2025-06-23 11:00"}],"components":[{"id":"93bb94fe-7312-11e9-90c1-000c290e6fc2","type":"SectionDescription","name":"","description":"Zajawka sekcji","content":[]},{"id":"93bbe8e3-7312-11e9-90c1-000c290e6fc2","type":"PageTitle","name":"Tytu\u0142 strony","description":"Tytu\u0142 strony","content":{"title":"Remont dw\u00f3ch sal wyk\u0142adowych celem adaptacji na sal\u0119 do \u0107wicze\u0144 dla Wydzia\u0142u Podologii i Wydzia\u0142u Masa\u017cu"}},{"id":"93bc435c-7312-11e9-90c1-000c290e6fc2","type":"PageDescription","name":"","description":"Zajawka strony","content":[]},{"id":"93bcef8e-7312-11e9-90c1-000c290e6fc2","type":"ContentWYSIWYG","name":"Tre\u015b\u0107","description":"Tre\u015b\u0107 strony","content":{"content":"\u003Cp\u003EZamawiaj\u0105cy\u00a0 Centrum Kszta\u0142cenia Zawodowego i Ustawicznego Wojew\u00f3dztwa \u015al\u0105skiego w Zabrzu \u00a0zaprasza do sk\u0142adania ofert w post\u0119powaniu o udzielenie zam\u00f3wienia publicznego prowadzonego w trybie podstawowym na podstawie art. 275 pkt 1) ustawy z dnia 11 wrze\u015bnia 2019 r. Prawo zam\u00f3wie\u0144 publicznych (tekst jednolity: Dz. U. z 2024 r. poz. 1320 z p\u00f3\u017an. zm.) na: \u0022Remont dw\u00f3ch sal wyk\u0142adowych celem adaptacji na sal\u0119 do \u0107wicze\u0144 dla Wydzia\u0142u Podologii i Wydzia\u0142u Masa\u017cu\u0022. Znak sprawy:\u00a0 \u003Cstrong\u003ECKZZ\/1\/05\/2025\u003C\/strong\u003E\u003C\/p\u003E\n\u003Cp\u003EPrzedmiotowe post\u0119powanie prowadzone jest przy u\u017cyciu \u015brodk\u00f3w komunikacji elektronicznej.\u003C\/p\u003E\n\u003Cp\u003ESk\u0142adanie ofert nast\u0119puje za po\u015brednictwem platformy zakupowej dost\u0119pnej pod adresem internetowym:\u003Cbr \/\u003E\u003Ca href=\u0022https:\/\/ezamowienia.gov.pl\/mp-client\/search\/list\/ocds-148610-961d0e17-cff6-423a-8d85-a9a2919f0f61\u0022 title=\u0022https:\/\/ezam\u00f3wienia.gov.pl\u0022 target=\u0022_self\u0022\u003Ehttps:\/\/ezam\u00f3wienia.gov.pl\u003C\/a\u003E\u003C\/p\u003E\n\u003Cp\u003EIdentyfikator post\u0119powania:\u003Cbr \/\u003E\u003Cstrong\u003Eocds-148610-961d0e17-cff6-423a-8d85-a9a2919f0f61\u003C\/strong\u003E\u003C\/p\u003E","promotion":false}},{"id":"93bd42ce-7312-11e9-90c1-000c290e6fc2","type":"Gallery","name":"Galeria","description":"Galeria"},{"id":"93bd956b-7312-11e9-90c1-000c290e6fc2","type":"Attachment","name":"Za\u0142\u0105czniki","description":"Za\u0142\u0105czniki do strony"},{"id":"d63e71ef-92cf-11f0-b976-00505697ccff","type":"PageThumbnail","name":"","description":"Miniaturka strony","content":[]}]}

Remont dwóch sal wykładowych celem adaptacji na salę do ćwiczeń dla Wydziału Podologii i Wydziału Masażu

Wprowadzenie ogłoszenia

Centrum Kształcenia Zawodowego i Ustawicznego Województwa Śląskiego w Zabrzu

jednostki_Zamówienia objęte stosowaniem ustawy Pzp (od 2021)

jednostki_tytuł zamówienia

Tytuł zamówienia

jednostki_data ogłoszenia zamówienia

Data ogłoszenia

jednostki_status zamówienia

Status zamówienia

jednostki_termin składania ofert (data i godzina)

Termin składania ofert (data i godzina)

Tytuł strony

Treść

Treść strony

<p>Zamawiający  Centrum Kształcenia Zawodowego i Ustawicznego Województwa Śląskiego w Zabrzu  zaprasza do składania ofert w postępowaniu o udzielenie zamówienia publicznego prowadzonego w trybie podstawowym na podstawie art. 275 pkt 1) ustawy z dnia 11 września 2019 r. Prawo zamówień publicznych (tekst jednolity: Dz. U. z 2024 r. poz. 1320 z późn. zm.) na: "Remont dwóch sal wykładowych celem adaptacji na salę do ćwiczeń dla Wydziału Podologii i Wydziału Masażu". Znak sprawy:  <strong>CKZZ/1/05/2025</strong></p>
<p>Przedmiotowe postępowanie prowadzone jest przy użyciu środków komunikacji elektronicznej.</p>
<p>Składanie ofert następuje za pośrednictwem platformy zakupowej dostępnej pod adresem internetowym:<br /><a href="https://ezamowienia.gov.pl/mp-client/search/list/ocds-148610-961d0e17-cff6-423a-8d85-a9a2919f0f61" title="https://ezamówienia.gov.pl" target="_self">https://ezamówienia.gov.pl</a></p>
<p>Identyfikator postępowania:<br /><strong>ocds-148610-961d0e17-cff6-423a-8d85-a9a2919f0f61</strong></p>

Załączniki

Załączniki do strony
