{"id":27,"name":"redakcja-serwisu","title":"Redakcja serwisu","desc":"","header":"Redakcja serwisu","lead":"","keywords":"","changes":"edycja tre\u015bci artyku\u0142u","menu":"Redakcja serwisu","path":"\/redakcja-serwisu.html","url":"\/redakcja-serwisu.html","infoOwner":"Centrum Kszta\u0142cenia Zawodowego i Ustawicznego Wojew\u00f3dztwa \u015al\u0105skiego w Zabrzu","dateFirstPublicate":"2021-08-16 09:42:38","dateLastVersionPublicate":"2023-10-20 13:47:17","dateAvailableFrom":"2021-08-16 09:42:30","dateAvailableTo":"","type":"jednostki_Zwyk\u0142a","pageParams":[],"components":[{"id":"93bb94fe-7312-11e9-90c1-000c290e6fc2","type":"SectionDescription","name":"","description":"Zajawka sekcji","content":[]},{"id":"93bbe8e3-7312-11e9-90c1-000c290e6fc2","type":"PageTitle","name":"Tytu\u0142 strony","description":"Tytu\u0142 strony","content":{"title":"Redakcja serwisu"}},{"id":"93bc435c-7312-11e9-90c1-000c290e6fc2","type":"PageDescription","name":"","description":"Zajawka strony","content":[]},{"id":"93bcef8e-7312-11e9-90c1-000c290e6fc2","type":"ContentWYSIWYG","name":"Tre\u015b\u0107","description":"Tre\u015b\u0107 strony","content":{"content":"\u003Cp\u003ESerwis jest redagowany przez pracownik\u00f3w Centrum Kszta\u0142cenia Zawodowego i Ustawicznego Wojew\u00f3dztwa \u015al\u0105skiego w Zabrzu\u003C\/p\u003E\n\u003Cp\u003Eul. 3 Maja 63\u003Cbr \/\u003E 41-800 Zabrze\u003C\/p\u003E\n\u003Cdiv style=\u0022width: 350px; padding: 20px; margin: 30px 0px; box-shadow: 0px 8px 10px 2px grey;\u0022\u003E\n\u003Cp style=\u0022font-weight: bold; margin: 0px; font-size: 20px;\u0022\u003EMaciej Szymanowski\u003C\/p\u003E\n\u003Cp style=\u0022font-size: 16px; color: #0067b2;\u0022\u003Especjalista s\/d administracyjnych\u003C\/p\u003E\n\u003Cp\u003Etel: 32 271 08 45 (wewn. 39)\u003Cbr \/\u003Ee-mail: \u003Ca href=\u0022mailto:m.szymanowski@medykzabrze.pl\u0022 title=\u0022email do redaktora BIP\u0022 target=\u0022_self\u0022\u003Em.szymanowski@medykzabrze.pl\u003C\/a\u003E\u003C\/p\u003E\n\u003C\/div\u003E","promotion":false}},{"id":"93bd42ce-7312-11e9-90c1-000c290e6fc2","type":"Gallery","name":"Galeria","description":"Galeria"},{"id":"93bd956b-7312-11e9-90c1-000c290e6fc2","type":"Attachment","name":"Za\u0142\u0105czniki","description":"Za\u0142\u0105czniki do strony"},{"id":"d63e71ef-92cf-11f0-b976-00505697ccff","type":"PageThumbnail","name":"","description":"Miniaturka strony","content":[]}]}

edycja treści artykułu

Centrum Kształcenia Zawodowego i Ustawicznego Województwa Śląskiego w Zabrzu

jednostki_Zwykła

Tytuł strony

Treść

Treść strony

<p>Serwis jest redagowany przez pracowników Centrum Kształcenia Zawodowego i Ustawicznego Województwa Śląskiego w Zabrzu</p>
<p>ul. 3 Maja 63<br /> 41-800 Zabrze</p>
<div style="width: 350px; padding: 20px; margin: 30px 0px; box-shadow: 0px 8px 10px 2px grey;">
<p style="font-weight: bold; margin: 0px; font-size: 20px;">Maciej Szymanowski</p>
<p style="font-size: 16px; color: #0067b2;">specjalista s/d administracyjnych</p>
<p>tel: 32 271 08 45 (wewn. 39)<br />e-mail: <a href="mailto:m.szymanowski@medykzabrze.pl" title="email do redaktora BIP" target="_self">m.szymanowski@medykzabrze.pl</a></p>
</div>

Załączniki

Załączniki do strony
