{"id":12,"name":"przedmiot-dzialalnosci","title":"Przedmiot dzia\u0142alno\u015bci","desc":"","header":"Przedmiot dzia\u0142alno\u015bci","lead":"","keywords":"","changes":"Poprawa czytelno\u015bci strony","menu":"","path":"\/przedmiot-dzialalnosci.html","url":"\/przedmiot-dzialalnosci.html","infoOwner":"Centrum Kszta\u0142cenia Zawodowego i Ustawicznego Wojew\u00f3dztwa \u015al\u0105skiego w Zabrzu","dateFirstPublicate":"2021-08-12 09:31:35","dateLastVersionPublicate":"2024-06-12 08:38:49","dateAvailableFrom":"2021-08-12 09:31:11","dateAvailableTo":"","type":"jednostki_Zwyk\u0142a","pageParams":[],"components":[{"id":"93bb94fe-7312-11e9-90c1-000c290e6fc2","type":"SectionDescription","name":"","description":"Zajawka sekcji","content":[]},{"id":"93bbe8e3-7312-11e9-90c1-000c290e6fc2","type":"PageTitle","name":"Tytu\u0142 strony","description":"Tytu\u0142 strony","content":{"title":"Przedmiot dzia\u0142alno\u015bci"}},{"id":"93bc435c-7312-11e9-90c1-000c290e6fc2","type":"PageDescription","name":"","description":"Zajawka strony","content":[]},{"id":"93bcef8e-7312-11e9-90c1-000c290e6fc2","type":"ContentWYSIWYG","name":"Tre\u015b\u0107","description":"Tre\u015b\u0107 strony","content":{"content":"\u003Cdiv style=\u0022font-size: 18px; font-weight: 400; margin-bottom: 10px;\u0022\u003EDo zada\u0144 Centrum Kszta\u0142cenia Zawodowego i Ustawicznego Wojew\u00f3dztwa \u015al\u0105skiego w Zabrzu nale\u017cy:\u003C\/div\u003E\n\u003Col\u003E\n\u003Cli style=\u0022margin-bottom: 3px;\u0022\u003Ezapewnienie s\u0142uchaczom przygotowania do wykonywania zawodu, zgodnie z ide\u0105 europejskich ram kwalifikacji poprzez realizacj\u0119 podstawy programowej oraz wsp\u00f3\u0142prac\u0119 z plac\u00f3wkami szkolenia zawodowego,\u003C\/li\u003E\n\u003Cli style=\u0022margin-bottom: 3px;\u0022\u003Ezapewnienie ka\u017cdemu s\u0142uchaczowi zdobycie wiedzy i umiej\u0119tno\u015bci oraz kompetencji personalnych i spo\u0142ecznych, zgodnie z ide\u0105 europejskich ram kwalifikacji,\u003C\/li\u003E\n\u003Cli style=\u0022margin-bottom: 3px;\u0022\u003Ezapewnienie uczniom i s\u0142uchaczom opieki i mo\u017cliwo\u015bci rozwoju osobowo\u015bci, uzdolnie\u0144, predyspozycji psychofizycznych,\u003C\/li\u003E\n\u003Cli style=\u0022margin-bottom: 3px;\u0022\u003Eteoretyczne i praktyczne przygotowanie s\u0142uchaczy do wykonywania zawodu, przez stworzenie im pe\u0142nych mo\u017cliwo\u015bci zdobywania wiedzy i\u00a0umiej\u0119tno\u015bci zawodowych,\u003C\/li\u003E\n\u003Cli style=\u0022margin-bottom: 3px;\u0022\u003Ewsp\u00f3\u0142praca z plac\u00f3wkami szkolenia zawodowego, plac\u00f3wkami o\u015bwiatowo-wychowawczymi, publicznymi oraz niepublicznymi zak\u0142adami opieki zdrowotnej,\u003C\/li\u003E\n\u003Cli style=\u0022margin-bottom: 3px;\u0022\u003Edoskonalenie metod pracy dydaktyczno-wychowawczej, w szczeg\u00f3lno\u015bci w\u00a0zakresie kszta\u0142cenia, dokszta\u0142cania i doskonalenia os\u00f3b doros\u0142ych,\u003C\/li\u003E\n\u003Cli style=\u0022margin-bottom: 3px;\u0022\u003Ewsp\u00f3\u0142praca z organizatorami kszta\u0142cenia ustawicznego w kraju i za granic\u0105, a\u00a0tak\u017ce z zak\u0142adami opieki zdrowotnej, szko\u0142ami wy\u017cszymi, innymi plac\u00f3wkami kszta\u0142cenia ustawicznego, stowarzyszeniami zawodowymi,\u003C\/li\u003E\n\u003Cli style=\u0022margin-bottom: 3px;\u0022\u003Ewsp\u00f3\u0142praca z urz\u0119dami pracy i pracodawcami w zakresie rekwalifikacji kadr,\u003C\/li\u003E\n\u003Cli style=\u0022margin-bottom: 3px;\u0022\u003Epodejmowanie czynno\u015bci zwi\u0105zanych z przyst\u0105pieniem do realizacji projekt\u00f3w unijnych,\u003C\/li\u003E\n\u003Cli style=\u0022margin-bottom: 3px;\u0022\u003Eorganizowanie kszta\u0142cenia w formach pozaszkolnych, w szczeg\u00f3lno\u015bci kwalifikacyjnych kurs\u00f3w zawodowych.\u003C\/li\u003E\n\u003Cli style=\u0022margin-bottom: 3px;\u0022\u003ECentrum wsp\u00f3\u0142pracuje z pracodawcami i organizacjami pracodawc\u00f3w. Podejmuje tak\u017ce dzia\u0142ania w zakresie poradnictwa zawodowego i informacji zawodowej polegaj\u0105ce w\u00a0szczeg\u00f3lno\u015bci na:\n\u003Cul\u003E\n\u003Cli style=\u0022margin-bottom: 3px;\u0022\u003Eudzielaniu pomocy m\u0142odzie\u017cy i osobom doros\u0142ym w dokonywaniu wyboru zawodu lub pracy,\u003C\/li\u003E\n\u003Cli style=\u0022margin-bottom: 3px;\u0022\u003Ekoordynowaniu dzia\u0142alno\u015bci informacyjno-doradczej,\u003C\/li\u003E\n\u003Cli style=\u0022margin-bottom: 3px;\u0022\u003Egromadzeniu, aktualizacji i udost\u0119pnianiu informacji edukacyjnych i zawodowych.\u003C\/li\u003E\n\u003C\/ul\u003E\n\u003C\/li\u003E\n\u003C\/ol\u003E","promotion":false}},{"id":"93bd42ce-7312-11e9-90c1-000c290e6fc2","type":"Gallery","name":"Galeria","description":"Galeria"},{"id":"93bd956b-7312-11e9-90c1-000c290e6fc2","type":"Attachment","name":"Za\u0142\u0105czniki","description":"Za\u0142\u0105czniki do strony"},{"id":"d63e71ef-92cf-11f0-b976-00505697ccff","type":"PageThumbnail","name":"","description":"Miniaturka strony","content":[]}]}

Przedmiot działalności

Poprawa czytelności strony

Centrum Kształcenia Zawodowego i Ustawicznego Województwa Śląskiego w Zabrzu

jednostki_Zwykła

Tytuł strony

Treść

Treść strony

<div style="font-size: 18px; font-weight: 400; margin-bottom: 10px;">Do zadań Centrum Kształcenia Zawodowego i Ustawicznego Województwa Śląskiego w Zabrzu należy:</div>
<ol>
<li style="margin-bottom: 3px;">zapewnienie słuchaczom przygotowania do wykonywania zawodu, zgodnie z ideą europejskich ram kwalifikacji poprzez realizację podstawy programowej oraz współpracę z placówkami szkolenia zawodowego,</li>
<li style="margin-bottom: 3px;">zapewnienie każdemu słuchaczowi zdobycie wiedzy i umiejętności oraz kompetencji personalnych i społecznych, zgodnie z ideą europejskich ram kwalifikacji,</li>
<li style="margin-bottom: 3px;">zapewnienie uczniom i słuchaczom opieki i możliwości rozwoju osobowości, uzdolnień, predyspozycji psychofizycznych,</li>
<li style="margin-bottom: 3px;">teoretyczne i praktyczne przygotowanie słuchaczy do wykonywania zawodu, przez stworzenie im pełnych możliwości zdobywania wiedzy i umiejętności zawodowych,</li>
<li style="margin-bottom: 3px;">współpraca z placówkami szkolenia zawodowego, placówkami oświatowo-wychowawczymi, publicznymi oraz niepublicznymi zakładami opieki zdrowotnej,</li>
<li style="margin-bottom: 3px;">doskonalenie metod pracy dydaktyczno-wychowawczej, w szczególności w zakresie kształcenia, dokształcania i doskonalenia osób dorosłych,</li>
<li style="margin-bottom: 3px;">współpraca z organizatorami kształcenia ustawicznego w kraju i za granicą, a także z zakładami opieki zdrowotnej, szkołami wyższymi, innymi placówkami kształcenia ustawicznego, stowarzyszeniami zawodowymi,</li>
<li style="margin-bottom: 3px;">współpraca z urzędami pracy i pracodawcami w zakresie rekwalifikacji kadr,</li>
<li style="margin-bottom: 3px;">podejmowanie czynności związanych z przystąpieniem do realizacji projektów unijnych,</li>
<li style="margin-bottom: 3px;">organizowanie kształcenia w formach pozaszkolnych, w szczególności kwalifikacyjnych kursów zawodowych.</li>
<li style="margin-bottom: 3px;">Centrum współpracuje z pracodawcami i organizacjami pracodawców. Podejmuje także działania w zakresie poradnictwa zawodowego i informacji zawodowej polegające w szczególności na:
<ul>
<li style="margin-bottom: 3px;">udzielaniu pomocy młodzieży i osobom dorosłym w dokonywaniu wyboru zawodu lub pracy,</li>
<li style="margin-bottom: 3px;">koordynowaniu działalności informacyjno-doradczej,</li>
<li style="margin-bottom: 3px;">gromadzeniu, aktualizacji i udostępnianiu informacji edukacyjnych i zawodowych.</li>
</ul>
</li>
</ol>

Załączniki

Załączniki do strony
