{"id":45,"name":"ogloszenie-o-naborze-na-wolne-stanowiska-pracy-specjalista-ds-ekonomiczno-ksiegowych-2","title":"Og\u0142oszenie o naborze na wolne stanowiska pracy: specjalista d.s. ekonomiczno-ksi\u0119gowych","desc":"","header":"Og\u0142oszenie o naborze na wolne stanowiska pracy: specjalista d.s. ekonomiczno-ksi\u0119gowych","lead":"","keywords":"","changes":"Dodanie og\u0142oszenia","menu":"","path":"\/nabor-pracownikow\/ogloszenie-o-naborze-na-wolne-stanowiska-pracy-specjalista-ds-ekonomiczno-ksiegowych-2.html","url":"\/nabor-pracownikow\/ogloszenie-o-naborze-na-wolne-stanowiska-pracy-specjalista-ds-ekonomiczno-ksiegowych-2.html","infoOwner":"Centrum Kszta\u0142cenia Zawodowego i Ustawicznego Wojew\u00f3dztwa \u015al\u0105skiego w Zabrzu","dateFirstPublicate":"2023-10-20 10:13:29","dateLastVersionPublicate":"2023-10-20 10:13:29","dateAvailableFrom":"","dateAvailableTo":"","type":"jednostki_Nab\u00f3r na stanowiska","pageParams":[{"id":"305","name":"jednostki_tytu\u0142 og\u0142oszenia","description":"Tytu\u0142 og\u0142oszenia","value":"Og\u0142oszenie o naborze na wolne stanowiska pracy: specjalista d.s. ekonomiczno-ksi\u0119gowych"},{"id":"306","name":"jednostki_data og\u0142oszenia","description":"Data og\u0142oszenia","value":"2023-04-06"},{"id":"307","name":"jednostki_numer og\u0142oszenia","description":"Numer og\u0142oszenia","value":"1\/2023"},{"id":"308","name":"jednostki_status og\u0142oszenia","description":"Status og\u0142oszenia","value":"58751"},{"id":"310","name":"jednostki_termin sk\u0142adania (data i godzina)","description":"Termin sk\u0142adania (data i godzina)","value":"2023-04-21 14:00"},{"id":"311","name":"JEDNOSTKI_TYP_STANOWISKA","description":"Typ stanowiska","value":"58752"}],"components":[{"id":"93bb94fe-7312-11e9-90c1-000c290e6fc2","type":"SectionDescription","name":"","description":"Zajawka sekcji","content":[]},{"id":"93bbe8e3-7312-11e9-90c1-000c290e6fc2","type":"PageTitle","name":"Tytu\u0142 strony","description":"Tytu\u0142 strony","content":{"title":"Og\u0142oszenie o naborze na wolne stanowiska pracy: specjalista d.s. ekonomiczno-ksi\u0119gowych"}},{"id":"93bc435c-7312-11e9-90c1-000c290e6fc2","type":"PageDescription","name":"","description":"Zajawka strony","content":[]},{"id":"93bcef8e-7312-11e9-90c1-000c290e6fc2","type":"ContentWYSIWYG","name":"Tre\u015b\u0107","description":"Tre\u015b\u0107 strony","content":{"content":"\u003Cdiv class=\u0022panel-group\u0022 id=\u0022accordion1697788141809\u0022 role=\u0022tablist\u0022 aria-multiselectable=\u0022true\u0022\u003E\n\u003Cdiv class=\u0022panel-group\u0022 id=\u0022accordion1697788698049\u0022 role=\u0022tablist\u0022 aria-multiselectable=\u0022true\u0022\u003E\n\u003Cdiv class=\u0022accordion panel panel-default\u0022\u003E\n\u003Cdiv class=\u0022accordion-item panel-heading mceNonEditable productAccordion\u0022 role=\u0022tab\u0022 id=\u0022heading1697788698049\u0022\u003E\n\u003Ch4 class=\u0022accordion-header panel-title\u0022\u003E\u003Ca role=\u0022button\u0022 data-toggle=\u0022collapse\u0022 data-bs-toggle=\u0022collapse\u0022 class=\u0022accordion-button mceEditable collapsed\u0022 data-parent=\u0022#accordion1697788698049\u0022 href=\u0022#collapse1697788698049\u0022 aria-expanded=\u0022true\u0022 aria-controls=\u0022collapse1697788698049\u0022\u003E 06-04-2023r | \u003Cstrong\u003ETre\u015b\u0107 og\u0142oszenia \u003C\/strong\u003E\u003C\/a\u003E\u003C\/h4\u003E\n\u003Cdiv id=\u0022collapse1697788698049\u0022 class=\u0022accordion-collapse panel-collapse collapse mceNonEditable\u0022 role=\u0022tabpanel\u0022 aria-labelledby=\u0022heading1697788698049\u0022\u003E\n\u003Cdiv class=\u0022accordion-body panel-body mceEditable\u0022\u003E\n\u003Cp\u003E\u003Cb\u003ECentrum Kszta\u0142cenia Zawodowego i Ustawicznego Wojew\u00f3dztwa \u015al\u0105skiego w Zabrzu\u003C\/b\u003E\u003Cbr \/\u003Ez siedzib\u0105 przy ul. 3 Maja 63\u003Cbr \/\u003E41-800\u00a0\u00a0Zabrze\u003Cbr \/\u003E \u003Cbr \/\u003E Og\u0142asza nab\u00f3r kandydat\u00f3w na wolne stanowisko\u003Cbr \/\u003E \u003Cb\u003ESpecjalista d.s. ekonomiczno-ksi\u0119gowych\u003C\/b\u003E\u003Cbr \/\u003E \u003Cbr \/\u003E \u003Cb\u003ELiczba os\u00f3b do zatrudnienia:\u003C\/b\u003E 1\u003C\/p\u003E\n\u003Cp\u003EPe\u0142na tre\u015b\u0107 og\u0142oszenia w za\u0142\u0105czniku.\u003C\/p\u003E\n\u003C\/div\u003E\n\u003C\/div\u003E\n\u003C\/div\u003E\n\u003C\/div\u003E\n\u003Cdiv class=\u0022accordion panel panel-default\u0022\u003E\n\u003Cdiv class=\u0022accordion-item panel-heading mceNonEditable productAccordion\u0022 role=\u0022tab\u0022 id=\u0022heading1697788698050\u0022\u003E\n\u003Ch4 class=\u0022accordion-header panel-title\u0022\u003E\u003Ca role=\u0022button\u0022 data-toggle=\u0022collapse\u0022 data-bs-toggle=\u0022collapse\u0022 class=\u0022accordion-button mceEditable collapsed\u0022 data-parent=\u0022#accordion1697788698049\u0022 href=\u0022#collapse1697788698050\u0022 aria-expanded=\u0022true\u0022 aria-controls=\u0022collapse1697788698050\u0022\u003E 24-04-2023r | \u003Cstrong\u003ELista kandydat\u00f3w spe\u0142niaj\u0105cych wymogi formalne \u003C\/strong\u003E\u003C\/a\u003E\u003C\/h4\u003E\n\u003Cdiv id=\u0022collapse1697788698050\u0022 class=\u0022accordion-collapse panel-collapse collapse mceNonEditable\u0022 role=\u0022tabpanel\u0022 aria-labelledby=\u0022heading1697788698050\u0022\u003E\n\u003Cdiv class=\u0022accordion-body panel-body mceEditable\u0022\u003E\n\u003Col\u003E\n\u003Cli\u003EKatarzyna Stodolny\u003C\/li\u003E\n\u003C\/ol\u003E\n\u003C\/div\u003E\n\u003C\/div\u003E\n\u003C\/div\u003E\n\u003C\/div\u003E\n\u003Cdiv class=\u0022accordion panel panel-default\u0022\u003E\n\u003Cdiv class=\u0022accordion-item panel-heading mceNonEditable productAccordion\u0022 role=\u0022tab\u0022 id=\u0022heading1697788698051\u0022\u003E\n\u003Ch4 class=\u0022accordion-header panel-title\u0022\u003E\u003Ca role=\u0022button\u0022 data-toggle=\u0022collapse\u0022 data-bs-toggle=\u0022collapse\u0022 class=\u0022accordion-button mceEditable collapsed\u0022 data-parent=\u0022#accordion1697788698049\u0022 href=\u0022#collapse1697788698051\u0022 aria-expanded=\u0022true\u0022 aria-controls=\u0022collapse1697788698051\u0022\u003E\u00a009-05-2023r | \u003Cstrong\u003EInformacja o wynikach \u003C\/strong\u003E\u003C\/a\u003E\u003C\/h4\u003E\n\u003Cdiv id=\u0022collapse1697788698051\u0022 class=\u0022accordion-collapse panel-collapse collapse mceNonEditable\u0022 role=\u0022tabpanel\u0022 aria-labelledby=\u0022heading1697788698051\u0022\u003E\n\u003Cdiv class=\u0022accordion-body panel-body mceEditable\u0022\u003E\n\u003Cp\u003E\u003Cstrong\u003ECentrum Kszta\u0142cenia Zawodowego i Ustawicznego Wojew\u00f3dztwa \u015al\u0105skiego w Zabrzu \u003C\/strong\u003Einformuje,\u003C\/p\u003E\n\u003Cp\u003EW wyniku zako\u0144czenia procedury naboru na wolne stanowisko \u0022specjalista ekonomiczno-ksi\u0119gowych\u0022, do zatrudnienia wybrana zosta\u0142a Pani Katarzyna Stodolny.\u003C\/p\u003E\n\u003Cp\u003EUzasadnienie:\u003C\/p\u003E\n\u003Cp\u003EKandydatka spe\u0142nia wymogi formalne. Zosta\u0142a z\u0142o\u017cona tylko jedna oferta, kt\u00f3r\u0105 rozpatrzono pozytywnie.\u003C\/p\u003E\n\u003C\/div\u003E\n\u003C\/div\u003E\n\u003C\/div\u003E\n\u003C\/div\u003E\n\u003C\/div\u003E\n\u003C\/div\u003E","promotion":false}},{"id":"93bd42ce-7312-11e9-90c1-000c290e6fc2","type":"Gallery","name":"Galeria","description":"Galeria"},{"id":"93bd956b-7312-11e9-90c1-000c290e6fc2","type":"Attachment","name":"Za\u0142\u0105czniki","description":"Za\u0142\u0105czniki do strony","content":[{"src":"\/resource\/59\/og%25C5%2582oszenie_o_naborze.pdf","extension":"PDF","name":"9338e2f5251e5b1856eb44a8e91489bc.pdf","size":"705.83 KB"},{"src":"\/resource\/59\/kwestionariusz_osobowy_dla_osoby_ub_si%25C4%2599_o_prac%25C4%2599.docx","extension":"DOCX","name":"cf8ea49a2ffd6514058a6e485c412a1e.docx","size":"19.62 KB"}]},{"id":"d63e71ef-92cf-11f0-b976-00505697ccff","type":"PageThumbnail","name":"","description":"Miniaturka strony","content":[]}]}

Ogłoszenie o naborze na wolne stanowiska pracy: specjalista d.s. ekonomiczno-księgowych

Dodanie ogłoszenia

Centrum Kształcenia Zawodowego i Ustawicznego Województwa Śląskiego w Zabrzu

jednostki_Nabór na stanowiska

jednostki_tytuł ogłoszenia

Tytuł ogłoszenia

jednostki_data ogłoszenia

Data ogłoszenia

jednostki_numer ogłoszenia

Numer ogłoszenia

jednostki_status ogłoszenia

Status ogłoszenia

jednostki_termin składania (data i godzina)

Termin składania (data i godzina)

Tytuł strony

Treść

Treść strony

<div class="panel-group" id="accordion1697788141809" role="tablist" aria-multiselectable="true">
<div class="panel-group" id="accordion1697788698049" role="tablist" aria-multiselectable="true">
<div class="accordion panel panel-default">
<div class="accordion-item panel-heading mceNonEditable productAccordion" role="tab" id="heading1697788698049">
<h4 class="accordion-header panel-title"><a role="button" data-toggle="collapse" data-bs-toggle="collapse" class="accordion-button mceEditable collapsed" data-parent="#accordion1697788698049" href="#collapse1697788698049" aria-expanded="true" aria-controls="collapse1697788698049"> 06-04-2023r | <strong>Treść ogłoszenia </strong></a></h4>
<div id="collapse1697788698049" class="accordion-collapse panel-collapse collapse mceNonEditable" role="tabpanel" aria-labelledby="heading1697788698049">
<div class="accordion-body panel-body mceEditable">
<p><b>Centrum Kształcenia Zawodowego i Ustawicznego Województwa Śląskiego w Zabrzu</b><br />z siedzibą przy ul. 3 Maja 63<br />41-800  Zabrze<br /> <br /> Ogłasza nabór kandydatów na wolne stanowisko<br /> <b>Specjalista d.s. ekonomiczno-księgowych</b><br /> <br /> <b>Liczba osób do zatrudnienia:</b> 1</p>
<p>Pełna treść ogłoszenia w załączniku.</p>
</div>
</div>
</div>
</div>
<div class="accordion panel panel-default">
<div class="accordion-item panel-heading mceNonEditable productAccordion" role="tab" id="heading1697788698050">
<h4 class="accordion-header panel-title"><a role="button" data-toggle="collapse" data-bs-toggle="collapse" class="accordion-button mceEditable collapsed" data-parent="#accordion1697788698049" href="#collapse1697788698050" aria-expanded="true" aria-controls="collapse1697788698050"> 24-04-2023r | <strong>Lista kandydatów spełniających wymogi formalne </strong></a></h4>
<div id="collapse1697788698050" class="accordion-collapse panel-collapse collapse mceNonEditable" role="tabpanel" aria-labelledby="heading1697788698050">
<div class="accordion-body panel-body mceEditable">
<ol>
<li>Katarzyna Stodolny</li>
</ol>
</div>
</div>
</div>
</div>
<div class="accordion panel panel-default">
<div class="accordion-item panel-heading mceNonEditable productAccordion" role="tab" id="heading1697788698051">
<h4 class="accordion-header panel-title"><a role="button" data-toggle="collapse" data-bs-toggle="collapse" class="accordion-button mceEditable collapsed" data-parent="#accordion1697788698049" href="#collapse1697788698051" aria-expanded="true" aria-controls="collapse1697788698051"> 09-05-2023r | <strong>Informacja o wynikach </strong></a></h4>
<div id="collapse1697788698051" class="accordion-collapse panel-collapse collapse mceNonEditable" role="tabpanel" aria-labelledby="heading1697788698051">
<div class="accordion-body panel-body mceEditable">
<p><strong>Centrum Kształcenia Zawodowego i Ustawicznego Województwa Śląskiego w Zabrzu </strong>informuje,</p>
<p>W wyniku zakończenia procedury naboru na wolne stanowisko "specjalista ekonomiczno-księgowych", do zatrudnienia wybrana została Pani Katarzyna Stodolny.</p>
<p>Uzasadnienie:</p>
<p>Kandydatka spełnia wymogi formalne. Została złożona tylko jedna oferta, którą rozpatrzono pozytywnie.</p>
</div>
</div>
</div>
</div>
</div>
</div>

Załączniki

Załączniki do strony
