{"id":9,"name":"kontakt","title":"Kontakt","desc":"","header":"Kontakt","lead":"","keywords":"","changes":"Zmiana numeru telefonu.","menu":"Kontakt","path":"\/kontakt.html","url":"\/kontakt.html","infoOwner":"Centrum Kszta\u0142cenia Zawodowego i Ustawicznego Wojew\u00f3dztwa \u015al\u0105skiego w Zabrzu","dateFirstPublicate":"2021-07-30 12:01:07","dateLastVersionPublicate":"2025-12-11 08:06:43","dateAvailableFrom":"2021-07-30 12:00:26","dateAvailableTo":"","type":"jednostki_Zwyk\u0142a","pageParams":[],"components":[{"id":"93bb94fe-7312-11e9-90c1-000c290e6fc2","type":"SectionDescription","name":"","description":"Zajawka sekcji","content":[]},{"id":"93bbe8e3-7312-11e9-90c1-000c290e6fc2","type":"PageTitle","name":"Tytu\u0142 strony","description":"Tytu\u0142 strony","content":{"title":"Kontakt"}},{"id":"93bc435c-7312-11e9-90c1-000c290e6fc2","type":"PageDescription","name":"","description":"Zajawka strony","content":[]},{"id":"93bcef8e-7312-11e9-90c1-000c290e6fc2","type":"ContentWYSIWYG","name":"Tre\u015b\u0107","description":"Tre\u015b\u0107 strony","content":{"content":"\u003Cdiv style=\u0022display: flex; flex-wrap: wrap;\u0022\u003E\n\u003Cdiv style=\u0022width: 350px;\u0022\u003E\n\u003Cdiv style=\u0022font-size: 20px; margin-top: 20px; margin-bottom: 10px; line-height: 1.2;\u0022\u003E\u003Cspan\u003ECentrum Kszta\u0142cenia\u003Cbr \/\u003EZawodowego i\u00a0Ustawicznego\u003Cbr \/\u003EWojew\u00f3dztwa \u015al\u0105skiego\u003Cbr \/\u003Ew\u00a0Zabrzu\u003C\/span\u003E\u003C\/div\u003E\n\u003Cdiv style=\u0022margin-top: 10px; margin-bottom: 5px;\u0022\u003E\u003Cstrong\u003E\u003Cem\u003EAdres:\u003C\/em\u003E\u003C\/strong\u003E\u003C\/div\u003E\n\u003Cp style=\u0022margin-left: 30px;\u0022\u003Eul. 3 Maja 63\u003Cbr \/\u003E41-800 Zabrze\u003C\/p\u003E\n\u003Cdiv style=\u0022margin-top: 10px; margin-bottom: 5px;\u0022\u003E\u003Cstrong\u003E\u003Cem\u003ETelefon:\u003C\/em\u003E\u003C\/strong\u003E\u003C\/div\u003E\n\u003Cp style=\u0022margin-left: 30px;\u0022\u003E+48 32 271 08 45,\u00a0 +48 783 713 599\u003C\/p\u003E\n\u003Cdiv style=\u0022margin-top: 10px; margin-bottom: 5px;\u0022\u003E\u003Cstrong\u003E\u003Cem\u003EEmail:\u003C\/em\u003E\u003C\/strong\u003E\u003C\/div\u003E\n\u003Cp style=\u0022margin-left: 30px;\u0022\u003E\u003Ca href=\u0022mailto:sekretariat@medykzabrze.pl\u0022 title=\u0022\u0022 target=\u0022_self\u0022\u003Esekretariat@medykzabrze.pl\u003C\/a\u003E\u003C\/p\u003E\n\u003Cdiv style=\u0022margin-top: 10px; margin-bottom: 5px;\u0022\u003E\u003Cstrong\u003E\u003Cem\u003Eadres do e-Dor\u0119cze\u0144:\u003C\/em\u003E\u003C\/strong\u003E\u003C\/div\u003E\n\u003Cp style=\u0022margin-left: 30px;\u0022\u003EAE:PL-57981-89705-WHDTH-18\u003C\/p\u003E\n\u003Cdiv style=\u0022margin-top: 10px; margin-bottom: 5px;\u0022\u003E\u003Cstrong\u003E\u003Cem\u003EePUAP:\u003C\/em\u003E\u003C\/strong\u003E\u003C\/div\u003E\n\u003Cp style=\u0022margin-left: 30px;\u0022\u003E\/ckziuzabrze\/SkrytkaESP\u003C\/p\u003E\n\u003C\/div\u003E\n\u003Cdiv style=\u0022width: 460px; padding: 20px;\u0022\u003E\n\u003Cdiv\u003E\u003Ciframe width=\u0022100%\u0022 height=\u0022400px\u0022 style=\u0022border: 0;\u0022 title=\u0022mapa\u0022 src=\u0022https:\/\/www.google.com\/maps\/embed?pb=!1m18!1m12!1m3!1d2548.8421699185196!2d18.78610031572579!3d50.29487397945422!2m3!1f0!2f0!3f0!3m2!1i1024!2i768!4f13.1!3m3!1m2!1s0x4711324321bc0815%3A0x623fd2083bd4e17!2sCentrum%20Kszta%C5%82cenia%20Zawodowego%20i%20Ustawicznego%20Wojew%C3%B3dztwa%20%C5%9Al%C4%85skiego%20w%20Zabrzu!5e0!3m2!1spl!2spl!4v1622011690372!5m2!1spl!2spl\u0022 allowfullscreen=\u0022allowfullscreen\u0022\u003E\u003C\/iframe\u003E\u003C\/div\u003E\n\u003C\/div\u003E\n\u003C\/div\u003E\n\u003Chr style=\u0022clear: both;\u0022 \/\u003E\n\u003Cdiv style=\u0022display: flex; flex-wrap: wrap; justify-content: space-evenly; gap: 30px; margin: 30px 0px;\u0022\u003E\n\u003Cdiv style=\u0022width: 330px; padding: 20px; box-shadow: 0px 8px 10px 2px grey;\u0022\u003E\n\u003Ch2 style=\u0022font-weight: bold; margin: 0px; font-size: 20px; line-height: 1.4;\u0022\u003EJoanna Frychel-Imiolczyk\u003C\/h2\u003E\n\u003Cp style=\u0022font-size: 16px; color: #0067b2;\u0022\u003EDyrektor\u003C\/p\u003E\n\u003Cp\u003Etel: 32 271 08 45\u003Cbr \/\u003Ee-mail: \u003Ca href=\u0022mailto:i.maslerz@medykzabrze.pl\u0022 title=\u0022email do dyrektora\u0022 target=\u0022_self\u0022\u003Ej.frychel-imiolczyk@medykzabrze.pl\u003C\/a\u003E\u003C\/p\u003E\n\u003C\/div\u003E\n\u003Cdiv style=\u0022width: 330px; padding: 20px; box-shadow: 0px 8px 10px 2px grey;\u0022\u003E\n\u003Ch2 style=\u0022font-weight: bold; margin: 0px; font-size: 20px; line-height: 1.4;\u0022\u003EJoanna Siod\u0142ak\u003C\/h2\u003E\n\u003Cp style=\u0022font-size: 16px; color: #0067b2;\u0022\u003EWicedyrektor\u003C\/p\u003E\n\u003Cp\u003Etel: 32 271 08 45 wewn. 34\u003Cbr \/\u003Ee-mail: \u003Ca href=\u0022mailto:j.siodlak@medykzabrze.pl\u0022 title=\u0022email do wicedyrektora\u0022 target=\u0022_self\u0022\u003Ej.siodlak@medykzabrze.pl\u003C\/a\u003E\u003C\/p\u003E\n\u003C\/div\u003E\n\u003Cdiv style=\u0022width: 330px; padding: 20px; box-shadow: 0px 8px 10px 2px grey;\u0022\u003E\n\u003Ch2 style=\u0022font-weight: bold; margin: 0px; font-size: 20px; line-height: 1.4;\u0022\u003EAgata Gladysz\u003C\/h2\u003E\n\u003Cp style=\u0022font-size: 16px; color: #0067b2;\u0022\u003EG\u0142\u00f3wny ksi\u0119gowy\u003C\/p\u003E\n\u003Cp\u003Etel: 32 271 08 45 wewn. 35\u003Cbr \/\u003Ee-mail: \u003Ca href=\u0022mailto:a.gladysz@medykzabrze.pl\u0022 title=\u0022email do g\u0142\u00f3wnego ksi\u0119gowego\u0022 target=\u0022_self\u0022\u003Ea.gladysz@medykzabrze.pl\u003C\/a\u003E\u003C\/p\u003E\n\u003C\/div\u003E\n\u003Cdiv style=\u0022width: 330px; padding: 20px; box-shadow: 0px 8px 10px 2px grey;\u0022\u003E\n\u003Ch2 style=\u0022font-weight: bold; margin: 0px; font-size: 20px; line-height: 1.4;\u0022\u003EAleksandra Cygan\u003C\/h2\u003E\n\u003Cp style=\u0022font-size: 16px; color: #0067b2;\u0022\u003EKierownik szkolenia praktycznego\u003C\/p\u003E\n\u003Cp\u003Etel: 32 271 08 45 wewn. 34\u003Cbr \/\u003Ee-mail: \u003Ca href=\u0022mailto:a.cygan@medykzabrze.pl\u0022 title=\u0022email do kierownika szkolenia praktycznego\u0022 target=\u0022_self\u0022\u003Ea.cygan@medykzabrze.pl\u003C\/a\u003E\u003C\/p\u003E\n\u003C\/div\u003E\n\u003Cdiv style=\u0022width: 330px; padding: 20px; box-shadow: 0px 8px 10px 2px grey;\u0022\u003E\n\u003Ch2 style=\u0022font-weight: bold; margin: 0px; font-size: 20px; line-height: 1.4;\u0022\u003EDorota Gawlik\u003C\/h2\u003E\n\u003Cp style=\u0022font-size: 16px; color: #0067b2;\u0022\u003EKierownik gospodarczy\u003C\/p\u003E\n\u003Cp\u003Etel: 32 271 08 45 wewn. 37\u003Cbr \/\u003Ee-mail: \u003Ca href=\u0022mailto:d.gawlik@medykzabrze.pl\u0022 title=\u0022email do kierownika gospodarczego\u0022 target=\u0022_self\u0022\u003Ed.gawlik@medykzabrze.pl\u003C\/a\u003E\u003C\/p\u003E\n\u003C\/div\u003E\n\u003Cdiv style=\u0022width: 330px; padding: 20px; box-shadow: 0px 8px 10px 2px grey;\u0022\u003E\n\u003Ch2 style=\u0022font-weight: bold; margin: 0px; font-size: 20px; line-height: 1.4;\u0022\u003EMaciej Szymanowski\u003C\/h2\u003E\n\u003Cp style=\u0022font-size: 16px; color: #0067b2;\u0022\u003ERedaktor BIP\u003C\/p\u003E\n\u003Cp\u003Etel: 32 271 08 45 wewn. 39\u003Cbr \/\u003Ee-mail: \u003Ca href=\u0022mailto:m.szymanowski@medykzabrze.pl\u0022 title=\u0022email do redaktora BIP\u0022 target=\u0022_self\u0022\u003Em.szymanowski@medykzabrze.pl\u003C\/a\u003E\u003C\/p\u003E\n\u003C\/div\u003E\n\u003C\/div\u003E","promotion":false}},{"id":"93bd42ce-7312-11e9-90c1-000c290e6fc2","type":"Gallery","name":"Galeria","description":"Galeria"},{"id":"93bd956b-7312-11e9-90c1-000c290e6fc2","type":"Attachment","name":"Za\u0142\u0105czniki","description":"Za\u0142\u0105czniki do strony"},{"id":"d63e71ef-92cf-11f0-b976-00505697ccff","type":"PageThumbnail","name":"","description":"Miniaturka strony","content":[]}]}

Centrum Kształcenia Zawodowego i Ustawicznego Województwa Śląskiego w Zabrzu

jednostki_Zwykła

Tytuł strony

Treść

Treść strony

<div style="display: flex; flex-wrap: wrap;">
<div style="width: 350px;">
<div style="font-size: 20px; margin-top: 20px; margin-bottom: 10px; line-height: 1.2;"><span>Centrum Kształcenia<br />Zawodowego i Ustawicznego<br />Województwa Śląskiego<br />w Zabrzu</span></div>
<div style="margin-top: 10px; margin-bottom: 5px;"><strong><em>Adres:</em></strong></div>
<p style="margin-left: 30px;">ul. 3 Maja 63<br />41-800 Zabrze</p>
<div style="margin-top: 10px; margin-bottom: 5px;"><strong><em>Telefon:</em></strong></div>
<p style="margin-left: 30px;">+48 32 271 08 45,  +48 783 713 599</p>
<div style="margin-top: 10px; margin-bottom: 5px;"><strong><em>Email:</em></strong></div>
<p style="margin-left: 30px;"><a href="mailto:sekretariat@medykzabrze.pl" title="" target="_self">sekretariat@medykzabrze.pl</a></p>
<div style="margin-top: 10px; margin-bottom: 5px;"><strong><em>adres do e-Doręczeń:</em></strong></div>
<p style="margin-left: 30px;">AE:PL-57981-89705-WHDTH-18</p>
<div style="margin-top: 10px; margin-bottom: 5px;"><strong><em>ePUAP:</em></strong></div>
<p style="margin-left: 30px;">/ckziuzabrze/SkrytkaESP</p>
</div>
<div style="width: 460px; padding: 20px;">
<div><iframe width="100%" height="400px" style="border: 0;" title="mapa" src="https://www.google.com/maps/embed?pb=!1m18!1m12!1m3!1d2548.8421699185196!2d18.78610031572579!3d50.29487397945422!2m3!1f0!2f0!3f0!3m2!1i1024!2i768!4f13.1!3m3!1m2!1s0x4711324321bc0815%3A0x623fd2083bd4e17!2sCentrum%20Kszta%C5%82cenia%20Zawodowego%20i%20Ustawicznego%20Wojew%C3%B3dztwa%20%C5%9Al%C4%85skiego%20w%20Zabrzu!5e0!3m2!1spl!2spl!4v1622011690372!5m2!1spl!2spl" allowfullscreen="allowfullscreen"></iframe></div>
</div>
</div>
<hr style="clear: both;" />
<div style="display: flex; flex-wrap: wrap; justify-content: space-evenly; gap: 30px; margin: 30px 0px;">
<div style="width: 330px; padding: 20px; box-shadow: 0px 8px 10px 2px grey;">
<h2 style="font-weight: bold; margin: 0px; font-size: 20px; line-height: 1.4;">Joanna Frychel-Imiolczyk</h2>
<p style="font-size: 16px; color: #0067b2;">Dyrektor</p>
<p>tel: 32 271 08 45<br />e-mail: <a href="mailto:i.maslerz@medykzabrze.pl" title="email do dyrektora" target="_self">j.frychel-imiolczyk@medykzabrze.pl</a></p>
</div>
<div style="width: 330px; padding: 20px; box-shadow: 0px 8px 10px 2px grey;">
<h2 style="font-weight: bold; margin: 0px; font-size: 20px; line-height: 1.4;">Joanna Siodłak</h2>
<p style="font-size: 16px; color: #0067b2;">Wicedyrektor</p>
<p>tel: 32 271 08 45 wewn. 34<br />e-mail: <a href="mailto:j.siodlak@medykzabrze.pl" title="email do wicedyrektora" target="_self">j.siodlak@medykzabrze.pl</a></p>
</div>
<div style="width: 330px; padding: 20px; box-shadow: 0px 8px 10px 2px grey;">
<h2 style="font-weight: bold; margin: 0px; font-size: 20px; line-height: 1.4;">Agata Gladysz</h2>
<p style="font-size: 16px; color: #0067b2;">Główny księgowy</p>
<p>tel: 32 271 08 45 wewn. 35<br />e-mail: <a href="mailto:a.gladysz@medykzabrze.pl" title="email do głównego księgowego" target="_self">a.gladysz@medykzabrze.pl</a></p>
</div>
<div style="width: 330px; padding: 20px; box-shadow: 0px 8px 10px 2px grey;">
<h2 style="font-weight: bold; margin: 0px; font-size: 20px; line-height: 1.4;">Aleksandra Cygan</h2>
<p style="font-size: 16px; color: #0067b2;">Kierownik szkolenia praktycznego</p>
<p>tel: 32 271 08 45 wewn. 34<br />e-mail: <a href="mailto:a.cygan@medykzabrze.pl" title="email do kierownika szkolenia praktycznego" target="_self">a.cygan@medykzabrze.pl</a></p>
</div>
<div style="width: 330px; padding: 20px; box-shadow: 0px 8px 10px 2px grey;">
<h2 style="font-weight: bold; margin: 0px; font-size: 20px; line-height: 1.4;">Dorota Gawlik</h2>
<p style="font-size: 16px; color: #0067b2;">Kierownik gospodarczy</p>
<p>tel: 32 271 08 45 wewn. 37<br />e-mail: <a href="mailto:d.gawlik@medykzabrze.pl" title="email do kierownika gospodarczego" target="_self">d.gawlik@medykzabrze.pl</a></p>
</div>
<div style="width: 330px; padding: 20px; box-shadow: 0px 8px 10px 2px grey;">
<h2 style="font-weight: bold; margin: 0px; font-size: 20px; line-height: 1.4;">Maciej Szymanowski</h2>
<p style="font-size: 16px; color: #0067b2;">Redaktor BIP</p>
<p>tel: 32 271 08 45 wewn. 39<br />e-mail: <a href="mailto:m.szymanowski@medykzabrze.pl" title="email do redaktora BIP" target="_self">m.szymanowski@medykzabrze.pl</a></p>
</div>
</div>

Załączniki

Załączniki do strony
