{"id":15,"name":"informacje-o-jednostce","title":"Informacje o jednostce","desc":"","header":"Informacje o jednostce","lead":"","keywords":"","changes":"Dodanie tre\u015bci artyku\u0142u","menu":"","path":"\/informacje-o-jednostce\/informacje-o-jednostce.html","url":"\/informacje-o-jednostce\/informacje-o-jednostce.html","infoOwner":"Centrum Kszta\u0142cenia Zawodowego i Ustawicznego Wojew\u00f3dztwa \u015al\u0105skiego w Zabrzu","dateFirstPublicate":"2021-08-12 13:16:51","dateLastVersionPublicate":"2023-10-19 12:33:14","dateAvailableFrom":"2021-08-12 13:16:26","dateAvailableTo":"","type":"jednostki_Zwyk\u0142a","pageParams":[],"components":[{"id":"71543148-7315-11e9-90c1-000c290e6fc2","type":"PageTitle","name":"Tytu\u0142 strony","description":"Tytu\u0142 strony","content":{"title":"Informacje o jednostce"}},{"id":"715485e4-7315-11e9-90c1-000c290e6fc2","type":"PageDescription","name":"","description":"Zajawka strony","content":[]},{"id":"7154db05-7315-11e9-90c1-000c290e6fc2","type":"ContentWYSIWYG","name":"Tre\u015b\u0107","description":"Tre\u015b\u0107 strony","content":{"content":"\u003Cp\u003ECentrum Kszta\u0142cenia Zawodowego i Ustawicznego Wojew\u00f3dztwa \u015al\u0105skiego w Zabrzu jest zespo\u0142em publicznych szk\u00f3\u0142, w kt\u00f3rego sk\u0142ad wchodz\u0105:\u003C\/p\u003E\n\u003Col\u003E\n\u003Cli\u003E\u003Cstrong\u003EMedyczna Szko\u0142a Policealna Wojew\u00f3dztwa \u015al\u0105skiego im. Prof. Antoniego Cieszy\u0144skiego w Zabrzu\u003C\/strong\u003E.\u003Cbr \/\u003ESzko\u0142a kszta\u0142ci w zawodach:\n\u003Cul style=\u0022margin-top: 6px;\u0022\u003E\n\u003Cli style=\u0022margin-bottom: 3px;\u0022\u003E\u003Ca href=\u0022https:\/\/www.medykzabrze.pl\/kierunek\/technik-elektroradiolog\/\u0022 target=\u0022_blank\u0022 rel=\u0022noopener noreferrer\u0022\u003Etechnik elektroradiolog\u003C\/a\u003E (5 semestr\u00f3w)\u003C\/li\u003E\n\u003Cli style=\u0022margin-bottom: 3px;\u0022\u003E\u003Ca href=\u0022https:\/\/www.medykzabrze.pl\/kierunek\/technik-masazysta\/\u0022 target=\u0022_blank\u0022 rel=\u0022noopener noreferrer\u0022\u003Etechnik masa\u017cysta\u003C\/a\u003E (4 semestry)\u003C\/li\u003E\n\u003Cli style=\u0022margin-bottom: 3px;\u0022\u003E\u003Ca href=\u0022https:\/\/www.medykzabrze.pl\/kierunek\/technik-dentystyczny\/\u0022 target=\u0022_blank\u0022 rel=\u0022noopener noreferrer\u0022\u003Etechnik dentystyczny\u003C\/a\u003E (5 semestr\u00f3w)\u003C\/li\u003E\n\u003Cli style=\u0022margin-bottom: 3px;\u0022\u003E\u003Ca href=\u0022https:\/\/www.medykzabrze.pl\/kierunek\/higienistka-stomatologiczna\/\u0022 target=\u0022_blank\u0022 rel=\u0022noopener noreferrer\u0022\u003Ehigienistka stomatologiczna\u003C\/a\u003E (4 semestry)\u003C\/li\u003E\n\u003Cli style=\u0022margin-bottom: 3px;\u0022\u003E\u003Ca href=\u0022https:\/\/www.medykzabrze.pl\/kierunek\/technik-sterylizacji-medycznej\/\u0022 target=\u0022_blank\u0022 rel=\u0022noopener noreferrer\u0022\u003Etechnik sterylizacji medycznej\u003C\/a\u003E (2 semestry - nauka rozpoczyna si\u0119 w lutym)\u003C\/li\u003E\n\u003Cli style=\u0022margin-bottom: 3px;\u0022\u003E\u003Ca href=\u0022https:\/\/www.medykzabrze.pl\/kierunek\/terapeuta-zajeciowy\/\u0022 target=\u0022_blank\u0022 rel=\u0022noopener noreferrer\u0022\u003Eterapeuta zaj\u0119ciowy\u003C\/a\u003E (4 semestry)\u003C\/li\u003E\n\u003Cli style=\u0022margin-bottom: 3px;\u0022\u003E\u003Ca href=\u0022https:\/\/www.medykzabrze.pl\/kierunek\/technik-podolog\/\u0022 target=\u0022_blank\u0022 rel=\u0022noopener noreferrer\u0022\u003Epodolog\u003C\/a\u003E (4 semestry)\u003C\/li\u003E\n\u003C\/ul\u003E\n\u003C\/li\u003E\n\u003Cli\u003E\u003Cstrong\u003ESzko\u0142a Policealna w Zabrzu\u003C\/strong\u003E.\u003Cbr \/\u003ESzko\u0142a kszta\u0142ci w zawodach:\n\u003Cul style=\u0022margin-top: 6px;\u0022\u003E\n\u003Cli\u003Easystent osoby niepe\u0142nosprawnej\u003C\/li\u003E\n\u003C\/ul\u003E\n\u003C\/li\u003E\n\u003C\/ol\u003E\n\u003Cp\u003EOrganem prowadz\u0105cym Centrum jest \u003Ca href=\u0022http:\/\/slaskie.pl\u0022 target=\u0022_blank\u0022 rel=\u0022noopener noreferrer\u0022\u003EWojew\u00f3dztwo \u015al\u0105skie\u003C\/a\u003E, natomiast organem sprawuj\u0105cym nadz\u00f3r pedagogiczny nad dzia\u0142alno\u015bci\u0105 Centrum jest \u003Ca href=\u0022http:\/\/www.kuratorium.katowice.pl\/\u0022 target=\u0022_blank\u0022 rel=\u0022noopener noreferrer\u0022\u003E\u015al\u0105ski Kurator O\u015bwiaty w Katowicach\u003C\/a\u003E.\u003C\/p\u003E","promotion":false}},{"id":"71557d35-7315-11e9-90c1-000c290e6fc2","type":"Gallery","name":"Galeria","description":"Galeria"},{"id":"7155cfa2-7315-11e9-90c1-000c290e6fc2","type":"Attachment","name":"Za\u0142\u0105czniki","description":"Za\u0142\u0105czniki do strony"}]}

Dodanie treści artykułu

Centrum Kształcenia Zawodowego i Ustawicznego Województwa Śląskiego w Zabrzu

jednostki_Zwykła

Tytuł strony

Treść

Treść strony

<p>Centrum Kształcenia Zawodowego i Ustawicznego Województwa Śląskiego w Zabrzu jest zespołem publicznych szkół, w którego skład wchodzą:</p>
<ol>
<li><strong>Medyczna Szkoła Policealna Województwa Śląskiego im. Prof. Antoniego Cieszyńskiego w Zabrzu</strong>.<br />Szkoła kształci w zawodach:
<ul style="margin-top: 6px;">
<li style="margin-bottom: 3px;"><a href="https://www.medykzabrze.pl/kierunek/technik-elektroradiolog/" target="_blank" rel="noopener noreferrer">technik elektroradiolog</a> (5 semestrów)</li>
<li style="margin-bottom: 3px;"><a href="https://www.medykzabrze.pl/kierunek/technik-masazysta/" target="_blank" rel="noopener noreferrer">technik masażysta</a> (4 semestry)</li>
<li style="margin-bottom: 3px;"><a href="https://www.medykzabrze.pl/kierunek/technik-dentystyczny/" target="_blank" rel="noopener noreferrer">technik dentystyczny</a> (5 semestrów)</li>
<li style="margin-bottom: 3px;"><a href="https://www.medykzabrze.pl/kierunek/higienistka-stomatologiczna/" target="_blank" rel="noopener noreferrer">higienistka stomatologiczna</a> (4 semestry)</li>
<li style="margin-bottom: 3px;"><a href="https://www.medykzabrze.pl/kierunek/technik-sterylizacji-medycznej/" target="_blank" rel="noopener noreferrer">technik sterylizacji medycznej</a> (2 semestry - nauka rozpoczyna się w lutym)</li>
<li style="margin-bottom: 3px;"><a href="https://www.medykzabrze.pl/kierunek/terapeuta-zajeciowy/" target="_blank" rel="noopener noreferrer">terapeuta zajęciowy</a> (4 semestry)</li>
<li style="margin-bottom: 3px;"><a href="https://www.medykzabrze.pl/kierunek/technik-podolog/" target="_blank" rel="noopener noreferrer">podolog</a> (4 semestry)</li>
</ul>
</li>
<li><strong>Szkoła Policealna w Zabrzu</strong>.<br />Szkoła kształci w zawodach:
<ul style="margin-top: 6px;">
<li>asystent osoby niepełnosprawnej</li>
</ul>
</li>
</ol>
<p>Organem prowadzącym Centrum jest <a href="http://slaskie.pl" target="_blank" rel="noopener noreferrer">Województwo Śląskie</a>, natomiast organem sprawującym nadzór pedagogiczny nad działalnością Centrum jest <a href="http://www.kuratorium.katowice.pl/" target="_blank" rel="noopener noreferrer">Śląski Kurator Oświaty w Katowicach</a>.</p>

Załączniki

Załączniki do strony
