{"id":22,"name":"informacja-dotyczaca-przetwarzania-danych-osobowych","title":"Informacja dotycz\u0105ca przetwarzania danych osobowych","desc":"","header":"Informacja dotycz\u0105ca przetwarzania danych osobowych","lead":"","keywords":"","changes":"Poprawa czytelno\u015bci strony","menu":"Dane osobowe","path":"\/informacja-dotyczaca-przetwarzania-danych-osobowych.html","url":"\/informacja-dotyczaca-przetwarzania-danych-osobowych.html","infoOwner":"Centrum Kszta\u0142cenia Zawodowego i Ustawicznego Wojew\u00f3dztwa \u015al\u0105skiego w Zabrzu","dateFirstPublicate":"2021-08-12 14:28:30","dateLastVersionPublicate":"2024-06-12 09:04:00","dateAvailableFrom":"2021-08-12 14:28:11","dateAvailableTo":"","type":"jednostki_Zwyk\u0142a","pageParams":[],"components":[{"id":"93bb94fe-7312-11e9-90c1-000c290e6fc2","type":"SectionDescription","name":"","description":"Zajawka sekcji","content":[]},{"id":"93bbe8e3-7312-11e9-90c1-000c290e6fc2","type":"PageTitle","name":"Tytu\u0142 strony","description":"Tytu\u0142 strony","content":{"title":"Informacja dotycz\u0105ca przetwarzania danych osobowych"}},{"id":"93bc435c-7312-11e9-90c1-000c290e6fc2","type":"PageDescription","name":"","description":"Zajawka strony","content":[]},{"id":"93bcef8e-7312-11e9-90c1-000c290e6fc2","type":"ContentWYSIWYG","name":"Tre\u015b\u0107","description":"Tre\u015b\u0107 strony","content":{"content":"\u003Ch2 style=\u0022font-size: 20px;\u0022\u003ECO TO JEST RODO?\u003C\/h2\u003E\n\u003Cp\u003ERODO jest unijnym prawem reguluj\u0105cym zasady ochrony danych osobowych, kt\u00f3re stosujemy od 25 maja 2018 r. Od tego dnia nasza plac\u00f3wka przestrzega zasad okre\u015blonych w RODO.\u003C\/p\u003E\n\u003Cp\u003EPe\u0142na nazwa RODO:\u00a0\u003Cem\u003ERozporz\u0105dzenie Parlamentu Europejskiego i Rady (UE) 2016\/679 z dnia 27 kwietnia 2016 r. w sprawie ochrony os\u00f3b fizycznych w zwi\u0105zku z przetwarzaniem danych osobowych i w sprawie swobodnego przep\u0142ywu takich danych oraz uchylenia dyrektywy 95\/46\/WE.\u003C\/em\u003E\u003C\/p\u003E\n\u003Ch2 style=\u0022font-size: 20px;\u0022\u003EKTO JEST ADMINISTRATOREM DANYCH?\u003C\/h2\u003E\n\u003Cp\u003EAdministratorem danych osobowych uczni\u00f3w i pracownik\u00f3w jest Centrum Kszta\u0142cenia Zawodowego i Ustawicznego Wojew\u00f3dztwa \u015al\u0105skiego w Zabrzu\u003Cbr \/\u003Ez siedzib\u0105 w 41-800 Zabrze, ul. 3\u00a0Maja 63.\u003Cbr \/\u003ENasze dane kontaktowe: \u003Ca href=\u0022mailto:sekretariat@medykzabrze.pl\u0022\u003Esekretariat@medykzabrze.pl\u003C\/a\u003E, tel: 32\u00a0271-08-45\u003C\/p\u003E\n\u003Cp\u003EAdministrator danych jest odpowiedzialny za bezpiecze\u0144stwo przekazanych danych osobowych oraz przetwarzanie ich zgodnie z\u00a0przepisami prawa.\u003C\/p\u003E\n\u003Ch2 style=\u0022font-size: 20px;\u0022\u003EW JAKIM CELU I NA JAKIEJ PODSTAWIE PRAWNEJ WYKORZYSTUJEMY DANE?\u003C\/h2\u003E\n\u003Cp\u003EDane osobowe uczni\u00f3w uzyskane w zwi\u0105zku z ucz\u0119szczaniem uczni\u00f3w do naszej plac\u00f3wki oraz pracownik\u00f3w b\u0119dziemy wykorzystywa\u0107 w nast\u0119puj\u0105cych celach:\u003C\/p\u003E\n\u003Cul\u003E\n\u003Cli\u003Ewykonywania dzia\u0142alno\u015bci dydaktycznej, wychowawczej i opieku\u0144czej, w tym realizowania program\u00f3w nauczania, przeprowadzenia rekrutacji uczni\u00f3w i pracownik\u00f3w oraz wykonania ci\u0105\u017c\u0105cych na nas obowi\u0105zkach prawnych. Obowi\u0105zki te okre\u015blaj\u0105 przepisy prawa reguluj\u0105ce dzia\u0142alno\u015b\u0107 szk\u00f3\u0142, w szczeg\u00f3lno\u015bci ustawa z dnia 14 grudnia 2016 r. Prawo O\u015bwiatowe (zgodnie z art. 6 ust. lit. c RODO) - \u201eobowi\u0105zek prawny\u201d,\u003C\/li\u003E\n\u003Cli\u003Ewykonywania dzia\u0142alno\u015bci dydaktycznej, wychowawczej i opieku\u0144czej, w przypadku wyra\u017cenia przez uczni\u00f3w i pracownik\u00f3w zgody na wykorzystanie szczeg\u00f3lnych kategorii danych osobowych, np. danych o stanie zdrowia - (podstawa prawna - art. 9 ust. 2 lit a RODO) - \u201ezgoda\u201d,\u003C\/li\u003E\n\u003Cli\u003Eumo\u017cliwienia \u0142atwiejszego kontaktu oraz wykorzystywania wizerunku uczni\u00f3w i pracownik\u00f3w, w przypadku wyra\u017cenia przez uczni\u00f3w i pracownik\u00f3w zgody na wykorzystanie danych osobowych w tych celach (podstawa prawna - art. 6 ust. 1 lit a RODO) - \u201ezgoda\u201d.\u003C\/li\u003E\n\u003C\/ul\u003E\n\u003Cp\u003EPodanie danych osobowych w zakresie okre\u015blonym przepisami ustawy Prawo O\u015bwiatowe jest wymogiem ustawowym i jest niezb\u0119dne do wykonywania przez nasz\u0105 plac\u00f3wk\u0119 dzia\u0142alno\u015bci dydaktycznej, wychowawczej i opieku\u0144czej. Odmowa ich podania uniemo\u017cliwi wykonywanie tych obowi\u0105zk\u00f3w przez nasz\u0105 plac\u00f3wk\u0119.\u003C\/p\u003E\n\u003Ch2 style=\u0022font-size: 20px;\u0022\u003EJAK D\u0141UGO B\u0118DZIEMY WYKORZYSTYWA\u0106 DANE?\u003C\/h2\u003E\n\u003Cp\u003EDane b\u0119dziemy wykorzystywa\u0107 przez okres niezb\u0119dny do realizacji opisanych powy\u017cej cel\u00f3w. W zale\u017cno\u015bci od podstawy prawnej b\u0119dzie to odpowiednio:\u003C\/p\u003E\n\u003Cul\u003E\n\u003Cli\u003Eokres wykonywania dzia\u0142alno\u015bci dydaktycznej, wychowawczej i opieku\u0144czej oraz okres, w kt\u00f3rym przepisy ustawy Prawo o\u015bwiatowe nakazuj\u0105 nam przechowywa\u0107 dokumentacj\u0119,\u003C\/li\u003E\n\u003Cli\u003Eczas do momentu wycofania zgody.\u003C\/li\u003E\n\u003C\/ul\u003E\n\u003Ch2 style=\u0022font-size: 20px;\u0022\u003EJAKIE MAJ\u0104 UCZNIOWIE i PRACOWNICY PRAWA?\u003C\/h2\u003E\n\u003Cp\u003EUczniowie i pracownicy mog\u0105 z\u0142o\u017cy\u0107 do naszej plac\u00f3wki wniosek o:\u003C\/p\u003E\n\u003Cul\u003E\n\u003Cli\u003Edost\u0119p do danych osobowych (informacj\u0119 o przetwarzanych danych osobowych oraz kopi\u0119 danych),\u003C\/li\u003E\n\u003Cli\u003Esprostowanie danych, gdy s\u0105 one nieprawid\u0142owe,\u003C\/li\u003E\n\u003Cli\u003Eprzeniesienie danych, w przypadkach okre\u015blonych w RODO,\u003C\/li\u003E\n\u003Cli\u003Eusuni\u0119cie lub ograniczenie przetwarzania danych osobowych.\u003C\/li\u003E\n\u003C\/ul\u003E\n\u003Cp\u003EUczniowie i pracownicy maj\u0105 tak\u017ce prawo wnie\u015b\u0107 skarg\u0119 do Prezesa Urz\u0119du Ochrony Danych Osobowych, je\u017celi uwa\u017caj\u0105, \u017ce przetwarzanie w\/w danych osobowych narusza przepisy prawa.\u003C\/p\u003E\n\u003Cp\u003EUdzielona zgoda na przetwarzanie danych osobowych mo\u017ce by\u0107 wycofana w ka\u017cdym czasie.\u003C\/p\u003E\n\u003Ch2 style=\u0022font-size: 20px;\u0022\u003EKOMU PRZEKAZUJEMY PA\u0143STWA DANE?\u003C\/h2\u003E\n\u003Cp\u003EZ zachowaniem wszelkich gwarancji bezpiecze\u0144stwa danych, w\/w dane mo\u017cemy przekaza\u0107, opr\u00f3cz osobom upowa\u017cnionym przez Administratora danych, innym podmiotom, w tym:\u003C\/p\u003E\n\u003Cul\u003E\n\u003Cli\u003Epodmiotom przetwarzaj\u0105cym je w naszym imieniu, np. dostawcom us\u0142ug technicznych i podmiotom \u015bwiadcz\u0105cym nam us\u0142ugi doradcze;\u003C\/li\u003E\n\u003Cli\u003Einnym administratorom, np. ubezpieczycielom\u003C\/li\u003E\n\u003C\/ul\u003E\n\u003Ch2 style=\u0022font-size: 20px;\u0022\u003EJAK MO\u017bNA SI\u0118 Z NAMI SKONTAKTOWA\u0106 W SPRAWIE OCHRONY DANYCH OSOBOWYCH?\u003C\/h2\u003E\n\u003Cp\u003ENasza plac\u00f3wka wyznaczy\u0142a Inspektora Ochrony Danych, z kt\u00f3rym mog\u0105 si\u0119 Pa\u0144stwo skontaktowa\u0107 si\u0119 za po\u015brednictwem poczty elektronicznej:\u00a0\u003Ca href=\u0022mailto:inspektor@inspektor-gliwice.pl\u0022\u003Einspektor@inspektor-gliwice.pl\u003C\/a\u003E\u003C\/p\u003E","promotion":false}},{"id":"93bd42ce-7312-11e9-90c1-000c290e6fc2","type":"Gallery","name":"Galeria","description":"Galeria"},{"id":"93bd956b-7312-11e9-90c1-000c290e6fc2","type":"Attachment","name":"Za\u0142\u0105czniki","description":"Za\u0142\u0105czniki do strony"},{"id":"d63e71ef-92cf-11f0-b976-00505697ccff","type":"PageThumbnail","name":"","description":"Miniaturka strony","content":[]}]}

Informacja dotycząca przetwarzania danych osobowych

Poprawa czytelności strony

Centrum Kształcenia Zawodowego i Ustawicznego Województwa Śląskiego w Zabrzu

jednostki_Zwykła

Tytuł strony

Treść

Treść strony

<h2 style="font-size: 20px;">CO TO JEST RODO?</h2>
<p>RODO jest unijnym prawem regulującym zasady ochrony danych osobowych, które stosujemy od 25 maja 2018 r. Od tego dnia nasza placówka przestrzega zasad określonych w RODO.</p>
<p>Pełna nazwa RODO: <em>Rozporządzenie Parlamentu Europejskiego i Rady (UE) 2016/679 z dnia 27 kwietnia 2016 r. w sprawie ochrony osób fizycznych w związku z przetwarzaniem danych osobowych i w sprawie swobodnego przepływu takich danych oraz uchylenia dyrektywy 95/46/WE.</em></p>
<h2 style="font-size: 20px;">KTO JEST ADMINISTRATOREM DANYCH?</h2>
<p>Administratorem danych osobowych uczniów i pracowników jest Centrum Kształcenia Zawodowego i Ustawicznego Województwa Śląskiego w Zabrzu<br />z siedzibą w 41-800 Zabrze, ul. 3 Maja 63.<br />Nasze dane kontaktowe: <a href="mailto:sekretariat@medykzabrze.pl">sekretariat@medykzabrze.pl</a>, tel: 32 271-08-45</p>
<p>Administrator danych jest odpowiedzialny za bezpieczeństwo przekazanych danych osobowych oraz przetwarzanie ich zgodnie z przepisami prawa.</p>
<h2 style="font-size: 20px;">W JAKIM CELU I NA JAKIEJ PODSTAWIE PRAWNEJ WYKORZYSTUJEMY DANE?</h2>
<p>Dane osobowe uczniów uzyskane w związku z uczęszczaniem uczniów do naszej placówki oraz pracowników będziemy wykorzystywać w następujących celach:</p>
<ul>
<li>wykonywania działalności dydaktycznej, wychowawczej i opiekuńczej, w tym realizowania programów nauczania, przeprowadzenia rekrutacji uczniów i pracowników oraz wykonania ciążących na nas obowiązkach prawnych. Obowiązki te określają przepisy prawa regulujące działalność szkół, w szczególności ustawa z dnia 14 grudnia 2016 r. Prawo Oświatowe (zgodnie z art. 6 ust. lit. c RODO) - „obowiązek prawny”,</li>
<li>wykonywania działalności dydaktycznej, wychowawczej i opiekuńczej, w przypadku wyrażenia przez uczniów i pracowników zgody na wykorzystanie szczególnych kategorii danych osobowych, np. danych o stanie zdrowia - (podstawa prawna - art. 9 ust. 2 lit a RODO) - „zgoda”,</li>
<li>umożliwienia łatwiejszego kontaktu oraz wykorzystywania wizerunku uczniów i pracowników, w przypadku wyrażenia przez uczniów i pracowników zgody na wykorzystanie danych osobowych w tych celach (podstawa prawna - art. 6 ust. 1 lit a RODO) - „zgoda”.</li>
</ul>
<p>Podanie danych osobowych w zakresie określonym przepisami ustawy Prawo Oświatowe jest wymogiem ustawowym i jest niezbędne do wykonywania przez naszą placówkę działalności dydaktycznej, wychowawczej i opiekuńczej. Odmowa ich podania uniemożliwi wykonywanie tych obowiązków przez naszą placówkę.</p>
<h2 style="font-size: 20px;">JAK DŁUGO BĘDZIEMY WYKORZYSTYWAĆ DANE?</h2>
<p>Dane będziemy wykorzystywać przez okres niezbędny do realizacji opisanych powyżej celów. W zależności od podstawy prawnej będzie to odpowiednio:</p>
<ul>
<li>okres wykonywania działalności dydaktycznej, wychowawczej i opiekuńczej oraz okres, w którym przepisy ustawy Prawo oświatowe nakazują nam przechowywać dokumentację,</li>
<li>czas do momentu wycofania zgody.</li>
</ul>
<h2 style="font-size: 20px;">JAKIE MAJĄ UCZNIOWIE i PRACOWNICY PRAWA?</h2>
<p>Uczniowie i pracownicy mogą złożyć do naszej placówki wniosek o:</p>
<ul>
<li>dostęp do danych osobowych (informację o przetwarzanych danych osobowych oraz kopię danych),</li>
<li>sprostowanie danych, gdy są one nieprawidłowe,</li>
<li>przeniesienie danych, w przypadkach określonych w RODO,</li>
<li>usunięcie lub ograniczenie przetwarzania danych osobowych.</li>
</ul>
<p>Uczniowie i pracownicy mają także prawo wnieść skargę do Prezesa Urzędu Ochrony Danych Osobowych, jeżeli uważają, że przetwarzanie w/w danych osobowych narusza przepisy prawa.</p>
<p>Udzielona zgoda na przetwarzanie danych osobowych może być wycofana w każdym czasie.</p>
<h2 style="font-size: 20px;">KOMU PRZEKAZUJEMY PAŃSTWA DANE?</h2>
<p>Z zachowaniem wszelkich gwarancji bezpieczeństwa danych, w/w dane możemy przekazać, oprócz osobom upoważnionym przez Administratora danych, innym podmiotom, w tym:</p>
<ul>
<li>podmiotom przetwarzającym je w naszym imieniu, np. dostawcom usług technicznych i podmiotom świadczącym nam usługi doradcze;</li>
<li>innym administratorom, np. ubezpieczycielom</li>
</ul>
<h2 style="font-size: 20px;">JAK MOŻNA SIĘ Z NAMI SKONTAKTOWAĆ W SPRAWIE OCHRONY DANYCH OSOBOWYCH?</h2>
<p>Nasza placówka wyznaczyła Inspektora Ochrony Danych, z którym mogą się Państwo skontaktować się za pośrednictwem poczty elektronicznej: <a href="mailto:inspektor@inspektor-gliwice.pl">inspektor@inspektor-gliwice.pl</a></p>

Załączniki

Załączniki do strony
